 h(w) = -5*w + 6. Let g(m) = 9*h(m) - 4*k(m). Let j be g(9). What are the prime factors of (-5)/(-15) - 8/j?
3
Let u = 3 - 4. Let r = u - 0. Let o = r - -13. List the prime factors of o.
2, 3
Suppose 21 = -2*h + n, 0*h - h - 7 = 3*n. Let c be 52/h*(-5 - 0). Suppose 2*v = c - 0. What are the prime factors of v?
13
List the prime factors of 438/14 - (-2)/(-7).
31
Let b(x) = x**2 + x + 3. What are the prime factors of b(4)?
23
Suppose -2*g + 26 = -6*g - 3*a, -g = a + 6. Let d = -5 - g. List the prime factors of d.
3
Suppose 1 = -4*o - 3*d, o + 2 = -d + 1. What are the prime factors of 6*(2 - (-1)/o)?
3, 5
Let s(o) = o**2 - 4*o - 1. Let r be s(5). Suppose 2*y + 5 = -5*a, -5*y = -3*y - r*a + 14. Let x = -2 - y. List the prime factors of x.
3
Let j = 6 - 4. Suppose 3*v = j*v + 2. What are the prime factors of v?
2
Suppose -5*f - 5*x + 254 = 89, -4*x - 16 = 0. What are the prime factors of f?
37
Let c(d) = d**3 + 3*d**2 + 1. Let x be c(-2). Suppose 5*g - 117 = -17. Suppose -g = -x*s + i + 10, s - 6 = -i. List the prime factors of s.
2, 3
Let r(y) = 2*y - 2*y - 1 + 2*y - 4*y. List the prime factors of r(-2).
3
Let w = -144 + 296. List the prime factors of w.
2, 19
Let s(d) = -d**2 - 5*d - 6. Let q be s(-4). Let z be 1*(q/(-2))/(-1). Let f = z + 11. List the prime factors of f.
2, 5
Suppose 9 = -3*b, 4*o + 35 = b - 70. Let r(v) = 3*v**2 + 2*v + 4. Let a be r(-4). Let s = o + a. List the prime factors of s.
17
Let x be 2/(-5) - 1252/20. Let b = -39 - x. What are the prime factors of b?
2, 3
Suppose 2*c - 2 = 0, -k + 5*c = -6*k + 65. List the prime factors of k.
2, 3
Let q be (-2)/1*(-45)/10. Let f = q + -1. What are the prime factors of f?
2
Suppose 5*v - 114 = 86. What are the prime factors of v?
2, 5
Let c = -4 - -36. Suppose c = -0*b + b. What are the prime factors of b?
2
Suppose -4*w - 190 + 678 = 0. Suppose -5*t + 128 = -w. List the prime factors of t.
2, 5
What are the prime factors of 2/3*270/12?
3, 5
Suppose a = 3*a - 252. List the prime factors of 666/a + 4/(-14).
5
Let o be (4 - -1)*(-18)/(-15). Suppose -5*a + 11 = -2*z, -3*a + 4 = -z - 2*a. Let q = z + o. List the prime factors of q.
3
Let h = 2 + -4. What are the prime factors of h/(-3) + 618/18?
5, 7
Let g(m) = m**3 - 8*m**2 - 2*m + 3. List the prime factors of g(9).
2, 3, 11
Let n = 14 + 4. What are the prime factors of n?
2, 3
Let o(s) = -2*s**2 - s + 2. Let k be o(0). What are the prime factors of 1/(k + (-138)/70)?
5, 7
Let s(z) = 33*z + 29. What are the prime factors of s(5)?
2, 97
Let f = -35 - -52. Let o = 62 - f. Suppose -3*c = -3*q + o, -4*q - 5*c = -0*q - 33. What are the prime factors of q?
2, 3
List the prime factors of (0 - -55)/1 + (1 - 1).
5, 11
Let q = 41 - 17. List the prime factors of q.
2, 3
Let p = -45 + 47. What are the prime factors of p?
2
Suppose q - 1 = -p + 3, -3*q = -4*p + 2. Let x = -3 - -6. Suppose 1 + 8 = s + 2*t, 0 = x*s + q*t - 27. List the prime factors of s.
3
Suppose 0 = -23*o + 21*o + 50. List the prime factors of o.
5
Let m = 13 - 6. List the prime factors of 2/m + 235/35.
7
Let u = -7 - -66. What are the prime factors of u?
59
Let n be -2 + 1 - (-1)/1. Suppose -3*u = 4*h + 1 + 3, -4*h - 16 = n. What are the prime factors of u?
2
Suppose -4 = -4*b - 0*b. Let c = b + 5. Let h(t) = t**3 - 5*t**2 - 4*t - 3. List the prime factors of h(c).
3
Let n = 503 + -355. What are the prime factors of n?
2, 37
Let w(y) = 2*y**2 - 6*y - 3. Let r(i) = -i**2 + 5*i + 2. Let n(l) = 3*r(l) + 2*w(l). Let v be n(-5). List the prime factors of (-2)/(-3) + v/3.
2
Let g(m) = -4*m**3 + 4*m**2 + 3*m + 1. List the prime factors of g(-2).
43
Suppose -2*s - 2*s - 204 = -5*y, 3*y - 5*s = 125. Suppose 5*p + d = y, p = 4*p - 5*d - 24. Let m = p + -3. List the prime factors of m.
5
Suppose 0 = -g + 1 + 5. Suppose 0 = g*k - k - 50. What are the prime factors of k?
2, 5
Suppose -5 - 1 = 2*n. List the prime factors of -18*(-3 - 7/n).
2, 3
Let x be 2/((2 - 1)/(-2)). List the prime factors of (-9)/(-1) - (x - -4).
3
Let z(l) = l**2 - 10*l + 3. What are the prime factors of z(11)?
2, 7
Suppose -5*n + 0*n = -15. Suppose n*z = 2*v + 5 - 0, -3*v = 3*z - 15. Let o = -1 + z. List the prime factors of o.
2
Suppose -2*o + 72 = 2*o. Suppose -4*c + c = o. List the prime factors of 18 - 3*(-2)/c.
17
Let f(t) = t**3 - 3*t - 3. Let y be f(-2). Let h(w) = -w**3 - 5*w**2 - 7*w + 1. Let z be h(y). Suppose s - 4*s + z = 0. What are the prime factors of s?
2, 3
Suppose -5*i = -i - 3*o - 47, o - 11 = -2*i. What are the prime factors of i?
2
Suppose 4*r = 3*r + 38. What are the prime factors of r?
2, 19
Suppose 3*b - 70 = -2*b. What are the prime factors of b?
2, 7
Let i be 260/7 + (-2)/14. Let q = i + -26. What are the prime factors of q?
11
Let j(p) = p**2 - 3*p - 6. Let h(d) = 2*d - 15. Let s be h(10). Let k be j(s). Suppose -o + 10 = k*o. List the prime factors of o.
2
Let y(w) = w - 1. Let n be y(3). Let a(h) = h**3 + h + 1. List the prime factors of a(n).
11
Let r = -73 + 87. What are the prime factors of r?
2, 7
Let z(b) = 17 - 2*b + b + 0*b. What are the prime factors of z(7)?
2, 5
Let m be (2 + -4)/2 + 35. Let r be m/2 - (-4 - -3). Suppose g = 3*a - 17, 2*a + 3*g - r = 2*g. What are the prime factors of a?
7
Let s be 0 + (0 + 1)*4. Let q(p) = -p**3 + 10*p**2 + p - 3. Let i be q(10). Suppose 0 = -3*v + 8 + i, s*v = -4*c + 40. What are the prime factors of c?
5
What are the prime factors of (-120)/9*6/(-4)?
2, 5
Let u(f) = -f - 4. Let v be u(-11). Suppose -3 - v = -2*l. Suppose -l*o - 3*s + 14 = -4, 0 = -5*o - s + 16. List the prime factors of o.
3
Suppose -2*c - 6 = -4*w, -3*w - 5*c = 2 - 0. Let p be (w + 5)/(-3) + 3. Suppose t - p = 9. List the prime factors of t.
2, 5
Let m = 109 - 50. What are the prime factors of m?
59
Let l be (-14)/(-2 + (1 - 1)). Let u(p) = 2*p**2 - 11*p + 16. What are the prime factors of u(l)?
37
Let p(x) = -x**3 - 19*x**2 + 10*x - 17. What are the prime factors of p(-20)?
3, 61
List the prime factors of -5*((-688)/30 + (-2)/3).
2, 59
Let c be (34 - 0 - 0) + 2. Suppose 5*s + 3 - c = 3*d, -2*s = -5*d - 17. List the prime factors of s.
2, 3
Suppose f - 3*f = -12. Let s = f + -6. Suppose 5*j - 4*c - 24 = s, -3*c + c = 5*j - 48. What are the prime factors of j?
2
Suppose -v = -4*x + 289 + 36, -3*x + v = -244. What are the prime factors of x?
3
Suppose 0 = 3*j + j + 44. Let u = -4 - j. List the prime factors of u.
7
Suppose u + 60 = 5*u. What are the prime factors of 1 + (0 - -1) + u?
17
Let s be ((-4)/(-10))/((-1)/(-5)). Let o(x) = 0 + 6 + s + x. What are the prime factors of o(8)?
2
Let p be 2/((-6)/(-21)) + 1. Let g be (p/(-2))/(10/(-5)). Let l = 6 - g. List the prime factors of l.
2
Suppose -2*k = -5*v - 24, 5*k - 2*v + 11 - 50 = 0. What are the prime factors of k?
7
Let b = 1 - -4. Suppose b*s + 3 = 4*s. Let u = s - -7. List the prime factors of u.
2
Let g be (-5)/25 + (-11)/(-5). Suppose -g*h + 185 = 3*h. List the prime factors of h.
37
Let a(l) = -l**3 + 10*l**2 - 8*l + 1. Let r be a(9). Suppose 3*k - r = k. List the prime factors of k.
5
Suppose -2*s - 3 = -7. Let f = s + -2. Suppose 4*x - 3*q - 7 = f, -3*q - 2 = -2*x - q. What are the prime factors of x?
2
Suppose -256 = -5*n - 2*i, 3*n + 2*i - 156 = -0*i. List the prime factors of n.
2, 5
Let r = 5 + -4. Let i = r - -5. List the prime factors of i.
2, 3
Suppose -7*m = -4*m - 48. Let d = 0 + m. List the prime factors of d.
2
Let t(l) = l**2 - 2*l + 2. Let x be t(2). List the prime factors of (28/(-6))/(x/(-6)).
2, 7
Let c be ((-8)/(-28))/(2/14). Suppose 10 = -c*w, -2*k + 0*w + 19 = -3*w. List the prime factors of k.
2
Let l(a) be the second derivative of -a**3/3 - 2*a**2 + 2*a. Let f be l(-3). Suppose 5*k + f*v - 48 = 0, 25 = -k + 3*k - 5*v. List the prime factors of k.
2, 5
Suppose -2*d + 0*d + 6 = 0. What are the prime factors of (-12*2/d)/(-1)?
2
Let x be 3*(1 - (-12)/9). Suppose -2*z = -x*z + 45. List the prime factors of z.
3
Let x = -15 + 158. List the prime factors of x.
11, 13
Suppose -5 = u, 4*j - 33 = -u + 6*u. Let y = j - -5. What are the prime factors of y?
7
Suppose -4*n + 5 - 1 = 0. Let h(k) = 30*k**3 - k**2 + 1. What are the prime factors of h(n)?
2, 3, 5
Suppose 3*u - 4 = -10. Let b(a) = -6*a - 1. List the prime factors of b(u).
11
Let k = -22 + 36. Suppose -4*y + 26 + k = 0. List the prime factors of y.